 digit of v?
4
Suppose -54168 = 50*p - 62*p. What is the units digit of p?
4
Let p = -86 - -995. Suppose 0 = 3*x + 5*b - 1013, 3*b + 120 = 3*x - p. What is the tens digit of x?
4
Let w be (1 - 5997/(-3)) + (14 - 10). Suppose w*v = 2005*v - 1335. What is the thousands digit of v?
1
Suppose -z - 6 + 3 = 0, 2*j + 30 = -2*z. Let s(l) = -74*l + 107. What is the tens digit of s(j)?
9
Suppose 38*h - 332235 = -2*h + 93245. What is the hundreds digit of h?
6
Let n = -89 + 96. Suppose -3 + 24 = n*y. What is the units digit of y?
3
What is the hundreds digit of (-2548)/(-21)*141/4?
2
Let a be -4*1/(-10) - 63/45. Let y(u) = -750*u + 2. What is the tens digit of y(a)?
5
Let m(h) = h**3 - h**2 + 2*h + 3. Let s be m(4). Let w = -137 + s. Let a = w - -106. What is the units digit of a?
8
Let w = 32460 - 5504. What is the thousands digit of w?
6
Suppose 4*s = 5*t - t - 20040, 3*s = 4*t - 20036. What is the hundreds digit of t?
0
What is the tens digit of (-160)/560 - 425151/(-21)?
4
Let r = -7 - -5. What is the tens digit of (5 - (3 + r)) + (1 - -761)?
6
Suppose 8*b + 11177 - 50945 = 0. Suppose 18*v - b = 28347. What is the hundreds digit of v?
8
Let d(r) = -4*r**2 - 27*r - 5. Let l be d(-8). Let b = -42 - l. Suppose 2*w - 180 = 3*h, b*h = -2*w - 0*h + 204. What is the tens digit of w?
9
Let x(o) = 3*o**2 + 78*o - 64. Let t be x(-27). Let a = 74 - t. What is the units digit of a?
7
Let q(n) be the first derivative of -5*n**2/2 - 2*n + 16. Let w be q(-2). Suppose -4*m + w*m - 276 = 0. What is the tens digit of m?
6
Let a(h) = -350*h**3 - 18*h**2 - 13*h + 5. What is the hundreds digit of a(-1)?
3
Suppose 8*m + 41334 = 11*m + 3*o, 2*m = 5*o + 27570. What is the hundreds digit of m?
7
Suppose -6*k + 1 + 17 = 0. Suppose -k*d = -9153 - 4323. What is the tens digit of d/24 - (-1)/(-6)?
8
Suppose -2*y = -5*d - 91, 5*y - 3*d = 237 - 57. Let h = 38 - y. Suppose -3*c - 144 - 5 = -2*g, 0 = -h*g - 4*c + 384. What is the tens digit of g?
7
Let l = -276 + 501. Let g = -81 - 44. Let c = g + l. What is the hundreds digit of c?
1
Let o(k) = 2*k**3 + 41*k**2 - 5*k + 17. Let r(f) = f**3 - 6*f**2 - f + 11. Let w be r(5). What is the hundreds digit of o(w)?
1
Let y be (-1 - -4) + 10 + -6. Let u be (y - 3)*53/4. Suppose u = -3*x + 4*x. What is the units digit of x?
3
Let c be ((-2)/3)/((-22)/2475). Suppose -69*v - 2100 = -c*v. What is the hundreds digit of v?
3
Let j = -354 - -356. Suppose 0 = q - 3, 127 = 2*b - 5*q + j*q. What is the units digit of b?
8
Let c = -9932 - -10622. What is the tens digit of c?
9
Suppose 0 = -87*r + 107*r - 56840. What is the units digit of r?
2
Let l be (-7)/((-84)/(-16))*-6. What is the thousands digit of ((-178)/(-3))/(l/156)?
1
Let m = 40 - -44. What is the tens digit of (-48)/(1 + m/(-77))?
2
Suppose -46002 = 3*y + 2*y - 8*y. What is the tens digit of y?
3
Let v(y) = 78*y + 14. What is the units digit of v(7)?
0
What is the units digit of -17 + 11 + -3 + 5788?
9
Let c(q) = 20*q**3 + 4*q**2 - 6*q + 4. Let b be c(2). Suppose -h = -0*h - b. Suppose 2*m = -0*m + h. What is the tens digit of m?
8
Let j(h) = -18*h + 91. Let x be j(4). Suppose x*z = 1383 + 11214. What is the tens digit of z?
6
Let t = -354 - -357. Let d(k) = 255*k - 16. What is the units digit of d(t)?
9
Suppose 4*k = k + 6. Suppose 0 = -k*m - 34 - 438. Let g = m + 357. What is the tens digit of g?
2
Suppose 9*o = -4*u + 14*o + 8075, 5*u + 2*o - 10102 = 0. Let l = u - 1400. What is the tens digit of l?
2
Suppose -3*b + 3 = -q - 23581, 7864 = b - 3*q. What is the hundreds digit of b?
8
Let a(w) = 40*w**2 - 2. Let o be a(2). Let x(l) = -l**2 + 32*l - 167. Let k be x(16). Let h = o - k. What is the tens digit of h?
6
Let h(k) = 7*k - 105. Let y be h(16). Let o(f) = 2*f**2 - f - 10. Let i be o(8). Suppose y*j = 6*j + i. What is the units digit of j?
0
Let k = -72843 + 108721. What is the hundreds digit of k?
8
Suppose 352 = -2*v + 4*a, 5*v + 6*a + 865 = 11*a. Let p = v + 540. What is the tens digit of p?
7
Let g = -20452 - -60742. What is the hundreds digit of g?
2
Suppose 8*w - 36*w + 547357 - 7573 = 0. What is the ten thousands digit of w?
1
Let q(r) = 15*r**2 + r**3 - 7*r + 4*r**2 + 81 - 4*r**2 - 7*r + 0*r**3. What is the tens digit of q(-16)?
4
Let a = -12 + 14. Let v be 144*(a + 8/(-12)). Let n = 269 - v. What is the tens digit of n?
7
Suppose 0*v + 581 = 4*j - v, 0 = -3*j - 2*v + 422. Suppose -4*y + 2*y = 150. Let r = j + y. What is the tens digit of r?
6
Let r = -5724 + 5739. Let l be (4/1)/(-1 + 3). Suppose -l*u - r = -63. What is the units digit of u?
4
Suppose -s - 50 = -2*s. Let a(n) = 41*n - 53*n - 7 - 9 + s*n. What is the units digit of a(3)?
8
Let l be -2*(-14)/8*(15 - 7). Suppose -24 + l = q. Suppose c - 200 = q*t, -2*t = -3*c + t + 627. What is the tens digit of c?
1
Let p(i) = 123*i**2 + 536*i - 79. What is the thousands digit of p(-18)?
0
Let n be (8/(-6))/(28/(-42)). Suppose 67 = l - 5*w + w, 0 = -2*l - n*w + 174. Let b = 160 - l. What is the units digit of b?
7
Let r(u) = 25717*u**3 + u**2 + 28*u - 28. What is the units digit of r(1)?
8
Let a(i) be the first derivative of -33/2*i**2 - 1/3*i**3 + 26 + 13*i. What is the hundreds digit of a(-9)?
2
Suppose 0*o - 5*o - 25 = 0, -3*l + 17904 = -9*o. What is the hundreds digit of l?
9
Let t be 1*-5 - (19 - 30). Suppose -142 - 2456 = -t*p. What is the tens digit of p?
3
Suppose 0 = 37*l - 46*l - 99. Let s(h) = -18*h + 13 - 2 + 21. What is the units digit of s(l)?
0
Let z = -50 - -64. Let c be z/7 - (-110 + 0). Suppose -2*m = -m - c. What is the units digit of m?
2
Suppose -t + 15 = -4*t, -5*t = -c + 89. Suppose c*s = 71*s - 3038. What is the hundreds digit of s?
4
Let x(u) be the third derivative of 0*u - 1/12*u**5 - 1/24*u**4 - 1/120*u**6 - 5/6*u**3 + 0 + 6*u**2. What is the tens digit of x(-6)?
3
Let x be 45*6/65 + 4/(-26). What is the hundreds digit of (-9)/45 - (9728/(-10))/x?
2
Suppose -40413 = -18*p + 30757 + 94466. What is the tens digit of p?
0
Suppose 17 = 5*p + 2. Suppose -p*m - 12 + 15 = 0. What is the units digit of (m - (-3)/3) + 72?
4
What is the units digit of (6773/78)/((-1)/(-66))?
1
Let y(m) = 927*m + 222. What is the hundreds digit of y(10)?
4
Suppose 211*b + 158904 = 219*b. What is the ten thousands digit of b?
1
Let t be (6/(-4))/(0 + 7/574). Let v = 128 + t. Let w(c) = 6*c**3 - 25*c**2 + c + 1. What is the units digit of w(v)?
1
Suppose -8 = -2*l - a, 8*a - 9*a = l - 4. What is the units digit of l + (-206)/(-3 + 2)?
0
Suppose 3*t - 4*z = -5*z + 31, 4*z = 2*t - 16. What is the thousands digit of (t*2/6)/((-72)/(-26892))?
1
Let v(h) = 5*h - 83. Let l be v(17). Suppose 4*o - l*o = 2900. What is the units digit of o?
0
What is the units digit of (156/30 - 12/2)*-85 - -1?
9
Suppose v - 20*v - 171 = 0. What is the hundreds digit of v*(-194)/6 + 0?
2
Let h(c) = -6514*c + 267. What is the units digit of h(-2)?
5
Suppose -4 = 6*q + 2. Let t be (q/6)/((-9)/54). What is the tens digit of (87 - t - 4)/2?
4
Suppose -39 = -3*k + 6*k. Let h(o) = -o**2 - 15*o - 35. Let m be h(k). Let z = m + 19. What is the tens digit of z?
1
Let j(i) = 358*i**2 - 4*i. Let g be j(2). Let m = -794 + g. What is the tens digit of m?
3
Let o(k) be the first derivative of -k**4/4 + 16*k**3/3 + k**2 + 19*k - 8. Let y be o(16). What is the tens digit of (y/(-2))/((-12)/16)?
3
Let u = -25996 - -70147. What is the tens digit of u?
5
Let o = -268 - -271. Suppose o*l + 5*x - 1063 = 0, 3*l + 4*x - 1051 = 5*x. What is the tens digit of l?
5
Suppose 2*b - 6*z + 5*z - 81486 = 0, 3*z = -2*b + 81510. What is the ten thousands digit of b?
4
Suppose 0 = -26*m + 395*m - 4001067. What is the tens digit of m?
4
Let f(c) be the second derivative of -8*c**5/15 + 4*c**4/3 - 19*c**3/6 - 36*c. Let z(x) be the second derivative of f(x). What is the hundreds digit of z(-3)?
2
Suppose -6*h + 59 - 23 = 0. Suppose h*a = -0*a - 12. Let w(o) = -29*o**3 + 2*o**2 + 11*o + 17. What is the hundreds digit of w(a)?
2
Suppose -3*u + 2021 = 491. Let f = 693 - u. What is the hundreds digit of f?
1
Let t(u) = -u**2 - 6*u - 3. Let v be t(-4). Let f(y) = v - 16 + 11 + 3 - 110*y. What is the hundreds digit of f(-1)?
1
What is the units digit of (-20802)/6*((-2)/6)/(58/522)?
1
Suppose -29 = -l + 5*r, -l - 4*l - 3*r = -61. Suppose l*q = 9*q + 15. Suppose 0*f - 2*v - 43 = -f, -q*v = -5*